prime number?
False
Is 2091976483 a prime number?
True
Is 14519186221 prime?
False
Is 8761877297 a prime number?
False
Is 637224199 a composite number?
True
Is 2645099197 a composite number?
True
Is 11848551493 a prime number?
True
Is 163652158 composite?
True
Is 939399469 a composite number?
False
Is 2609076929 composite?
False
Is 1623189067 a composite number?
False
Is 3077476869 a composite number?
True
Is 10577545147 composite?
True
Is 2266750133 a composite number?
False
Is 251723347 a composite number?
False
Is 4922975671 composite?
False
Is 31190269 composite?
True
Is 418795553 a composite number?
True
Is 508262189 a prime number?
False
Is 232199153 a composite number?
True
Is 63497747219 a composite number?
True
Is 186890237 a composite number?
True
Is 159058698947 a composite number?
False
Is 506913731 prime?
True
Is 735475421 prime?
False
Is 7199107709 a composite number?
True
Is 1156425577 a prime number?
True
Is 164820901 prime?
False
Is 683387731 prime?
False
Is 3374151369 prime?
False
Is 10862322677 prime?
False
Is 1277509577 a prime number?
True
Is 6080149417 a composite number?
False
Is 6848478871 prime?
False
Is 69226613213 composite?
False
Is 207165649 a composite number?
True
Is 126518803 a prime number?
True
Is 7759015259 a prime number?
True
Is 52360159711 a composite number?
False
Is 326435981 a composite number?
True
Is 1900800289 prime?
False
Is 22880512489 prime?
True
Is 7268586547 composite?
False
Is 137062111 prime?
True
Is 2774639519 composite?
True
Is 138339135563 a prime number?
False
Is 54307575793 composite?
False
Is 4036796611 composite?
True
Is 110392901195 prime?
False
Is 2616037187 a prime number?
True
Is 3679889503 composite?
True
Is 2916773395 a composite number?
True
Is 329312827 a prime number?
False
Is 1785853717 prime?
True
Is 8850944749 prime?
True
Is 395834897 a prime number?
True
Is 2214037231 a prime number?
False
Is 2629871093 composite?
False
Is 9857414599 composite?
True
Is 384073141 a composite number?
True
Is 57524605673 prime?
False
Is 879206719 a composite number?
True
Is 694903651 a prime number?
False
Is 99643189 composite?
False
Is 1934070527 composite?
True
Is 9189225553 a composite number?
False
Is 897686827 prime?
True
Is 15935151851 a prime number?
False
Is 2715685183 composite?
False
Is 544015013 a prime number?
True
Is 64329329 prime?
False
Is 157113499 a prime number?
True
Is 995461162 prime?
False
Is 4522118109 composite?
True
Is 28581868061 prime?
True
Is 8144539927 a composite number?
False
Is 5082426383 prime?
True
Is 9296634209 prime?
True
Is 924062533 a composite number?
True
Is 5422824707 composite?
True
Is 31060244849 a prime number?
False
Is 37645304743 prime?
True
Is 1096151863 prime?
False
Is 53082843551 prime?
True
Is 1250561423 a composite number?
True
Is 12724980889 composite?
False
Is 22289094757 prime?
False
Is 2358689131 composite?
False
Is 24877465841 a composite number?
False
Is 1637701939 a prime number?
True
Is 7215292943 a composite number?
False
Is 202223207 a prime number?
True
Is 3123790633 prime?
True
Is 140192265083 a prime number?
False
Is 37546771 a composite number?
True
Is 61596737 a composite number?
True
Is 57796807891 prime?
True
Is 140019287159 a composite number?
False
Is 887979341 a prime number?
False
Is 904789799 composite?
False
Is 13153055065 prime?
False
Is 4843011139 prime?
True
Is 1059181421 composite?
True
Is 75641256091 a prime number?
False
Is 845050523 a composite number?
True
Is 5121204461 prime?
False
Is 384986983 prime?
False
Is 2151506653 prime?
False
Is 36285983087 a composite number?
False
Is 19622199607 composite?
False
Is 444427777 prime?
False
Is 969775343 composite?
False
Is 619251383 composite?
True
Is 137067017 composite?
True
Is 256072307 a composite number?
True
Is 3473823559 a prime number?
False
Is 18126585859 composite?
False
Is 88544805259 composite?
True
Is 5811519041 composite?
False
Is 68403451247 composite?
False
Is 2734011547 a composite number?
True
Is 136005367 a composite number?
True
Is 31917165697 a prime number?
True
Is 2443615721 composite?
True
Is 580688909 composite?
True
Is 20058720763 prime?
False
Is 2777787079 a prime number?
False
Is 5497434307 a prime number?
True
Is 5245648777 composite?
False
Is 46497995923 composite?
True
Is 706736773 prime?
False
Is 806125043 composite?
True
Is 115320719 composite?
True
Is 722066021 a prime number?
False
Is 162349501 a prime number?
True
Is 5301150241 composite?
False
Is 197448638098 composite?
True
Is 383959441 prime?
False
Is 46097773 prime?
False
Is 863010521947 composite?
True
Is 9691072187 prime?
False
Is 9036086639 a prime number?
False
Is 19630847713 prime?
True
Is 120294485141 composite?
False
Is 7796417201 a prime number?
True
Is 17534641 a prime number?
True
Is 355090429 a prime number?
True
Is 447998876369 a composite number?
True
Is 866857151 prime?
True
Is 3669969903 prime?
False
Is 351554657 prime?
True
Is 367029563 prime?
True
Is 202649 a prime number?
False
Is 30883082303 composite?
False
Is 3358000297 a prime number?
False
Is 116766869 a prime number?
False
Is 1915647653 a prime number?
False
Is 14781407683 a prime number?
False
Is 1165240801 a composite number?
False
Is 21545448629 composite?
False
Is 85072861 a composite number?
True
Is 6512272573 a composite number?
False
Is 599762903 a composite number?
False
Is 124094692853 prime?
False
Is 637054643 composite?
True
Is 6402008867 a prime number?
True
Is 22955289171 a prime number?
False
Is 1248882573 prime?
False
Is 231845711 a composite number?
True
Is 274467989 composite?
False
Is 31935811 prime?
True
Is 7017959849 composite?
False
Is 120581077 a composite number?
True
Is 20140466623 a prime number?
False
Is 2210234629 a composite number?
False
Is 3222126227 prime?
True
Is 1072890557 a prime number?
True
Is 12091774547 prime?
False
Is 3809714851 composite?
False
Is 67016707259 a composite number?
True
Is 9274355309 a prime number?
False
Is 4972640747 prime?
False
Is 126383660783 a composite number?
False
Is 19589918506 a composite number?
True
Is 106939003 prime?
False
Is 474668377 a prime number?
False
Is 3208778681 a prime number?
False
Is 439614281 composite?
False
Is 1523419211 prime?
True
Is 575943773 a composite number?
False
Is 2405823239 a composite number?
False
Is 18979110169 composite?
True
Is 139141653011 composite?
False
Is 15834005591 a composite number?
True
Is 2462518283 a prime number?
True
Is 3040800857 a composite number?
True
Is 11475637 prime?
False
Is 1293965917 a composite number?
False
Is 58625496499 a prime number?
True
Is 2261450669 composite?
False
Is 2545331489 prime?
False
Is 980369465 composite?
True
Is 2328302341 composite?
False
Is 152071307819 prime?
False
Is 5962368803 a prime number?
False
Is 4399292273 composite?
True
Is 2212398229 composite?
True
Is 1847246711 a composite number?
True
Is 429749233 a prime number?
True
Is 20156757583 a prime number?
False
Is 9178306847 composite?
False
Is 16784698261 a prime number?
True
Is 16262246671 composite?
True
Is 2826639469 a prime number?
False
Is 55854019 prime?
False
Is 776786587 a composite number?
False
Is 188237879809 composite?
True
Is 60042894523 a prime number?
True
Is 363618698 prime?
False
Is 21941977447 a prime number?
False
Is 14374243739 a prime number?
True
Is 17066403401 prime?
False
Is 18735633689 composite?
False
Is 4690524361 a prime number?
True
Is 47153989273 composite?
True
Is 18470696807 a prime number?
False
Is 1640913223 composite?
False
Is 1486825591 a composite number?
True
Is 14621254913 prime?
False
Is 11608704649 a composite number?
True
Is 2011065787 a composite number?
True
Is 49501729465 a prime number?
False
Is 12677063489 prime?
False
Is 19468878757 composite?
True
Is 1044562929 composite?
True
Is 324310891 a composite number?
False
Is 6302067503 a composite number?
True
Is 914645603 a composite number?
True
Is 3834919303 a composite number?
True
Is 4444621837 composite?
True
Is 10473242837 composite?
False
Is 39279220469 a composite number?
False
Is 7875976169 a prime number?
True
Is 556614005 a composite number?
True
Is 1666267853 a prime number?
False
Is 2283502673 a prime number?
False
Is 465888259 composite?
False
Is 2571578641 composite?
True
Is 454123759 prime?
Fals